ond derivative of 19*r**4/12 + 2*r**3/3 + 2*r**2 - r. Is a(z) a prime number?
True
Let v(z) = 110*z**2 + 5*z + 2. Is v(3) a prime number?
False
Suppose -3*s + 17 = -5*n - 2*s, -4*n + s = 14. Let w(p) = -3*p**3 - 2*p**2 + p - 3. Let g be w(n). Is (28/(-12))/((-1)/g) a prime number?
False
Let s be 2/((-4)/(-30)) + 0. Let t = s - 13. Suppose -4*x + 506 = -t*x. Is x a composite number?
True
Let n(j) = -118*j - 12. Let i be n(-8). Let g = i - 639. Is g a prime number?
True
Suppose -11 - 9 = -5*t. Suppose -4*z - 2619 = -t*n + z, -3*z + 2659 = 4*n. Suppose -5*a + 3*v + n = 0, 2*v = 2*a + 4*v - 258. Is a prime?
True
Let f = -6 + 5. Let g be (-19)/(-2 - f)*3. Suppose 83 = 4*h - g. Is h a prime number?
False
Let a = -18 + 16. Let z be 0/(a/(-1) + -1). Suppose -2*s + j = -z*s - 25, -2*s = 5*j - 31. Is s prime?
True
Is (4 - 4 - 2)*979/(-2) a composite number?
True
Let a = -341 - -1319. Let l = a + -161. Is l a prime number?
False
Let c = -35632 + 60219. Is c a prime number?
False
Let s(a) = a**3 + 3*a**2 + a + 8. Let m be s(-4). Is 4/m*3 - -48 prime?
True
Let f be (4 - (1 - 0))*(-14)/42. Is (f + (-20)/(-12))/((-8)/(-12372)) a prime number?
True
Suppose 22656 = 5*o - 0*j - 3*j, 2*o = 4*j + 9054. Is o a prime number?
False
Let u = 37 + -33. Suppose 0 = -i + 228 + 173. Suppose u*s - 327 = 3*d + i, -4*d = -5*s + 911. Is s composite?
False
Is (-4)/6 - 47849/(-3) composite?
True
Let p(g) = g**2 - 4*g. Let x be p(5). Let t be 3*((-80)/12)/x. Is 1/t - 9549/(-36) prime?
False
Let f be 1/(-3) + (-20450)/(-15). Suppose f + 530 = 3*m. Is -3*m*(-1)/3 composite?
False
Suppose -12*i - 92699 = -17*i + l, 37094 = 2*i - 4*l. Is i composite?
False
Is -6 + (-5 + 20712)*1 a prime number?
False
Is (4/(8/(-2459)))/((-8)/208) a composite number?
True
Suppose 4*i = -5*n + 8, -3*i + 8 - 2 = 4*n. Suppose n = 6*c + 1304 - 3506. Is c a composite number?
False
Suppose -3*b - 8 + 14 = 0. Suppose 2*x + 4*q - 6658 = 1972, b*q = -4. Is x a composite number?
True
Let m be (35/10)/(2/44). Let u = 151 - m. Is u composite?
True
Let q(x) = 3*x - 1. Let c be q(0). Is ((-2)/c)/1 + 1572 prime?
False
Suppose -6*v + 20 + 22 = 0. Let c be 1 - 2/(6/(-4227)). Suppose -v*b + c = -b. Is b a composite number?
True
Let n(w) = 9*w**2 + 5*w - 2. Let k be n(4). Let r = k + 235. Is r prime?
True
Let y = 245 + -91. Suppose -6*p - y = -2440. Is p a composite number?
True
Is 785649/16 + (-197)/3152 composite?
False
Is (-76810)/(-8) - 0 - (-50)/(-200) composite?
False
Let l(n) = n**2 - 4*n - 6. Let a be l(4). Let t(g) = -309*g + 20. Is t(a) composite?
True
Let k be 88/3*231/14. Let p = k + -285. Suppose -397 = -4*y + p. Is y a prime number?
True
Let q(f) = -f**3 + 2*f**2 + 4*f - 1. Let o be q(3). Suppose o*k = 5*u - 229, 2*k - 5*u = 5*k + 281. Is (4 - k)*7/2 composite?
True
Let b(y) = 4*y**2 - 9*y + 22. Let z be b(-16). Suppose x - 125 = z. Is x prime?
False
Suppose 46167 = 48*n - 15*n. Is n a composite number?
False
Let y(h) = 3*h - 96. Let p be y(33). Suppose 0 = 5*g - 5*j - 25, -3*j - 11 = -4*g - 2*j. Suppose -p*z - g = 4, z + 40 = 2*n. Is n prime?
True
Let k be (-4)/(-6)*(-36)/24. Let c be ((-144)/64)/(k/(-8)). Is 27/c*(-934)/3 a prime number?
True
Suppose 51088 + 9689 = 9*h. Is h composite?
True
Let t be 2/(-11) + 156/11. Is 5/1 - (t - 454) a prime number?
False
Let q(s) = -3*s + 45. Let w be q(13). Is ((-22)/w)/((-6)/1854) prime?
False
Let c = 41 + -42. Let q(b) = -4113*b - 4. Is q(c) a prime number?
False
Let n(d) = 47*d**3 + 6*d**2 + 6*d + 4. Let y(p) = -46*p**3 - 7*p**2 - 7*p - 5. Let v(s) = -6*n(s) - 5*y(s). Is v(-1) a prime number?
True
Let q be (-3 + 28)*208/20. Let j = q + -103. Is j composite?
False
Is ((57/4)/19)/(9/97764) composite?
False
Is (17943/2)/((-306)/(-204)) composite?
False
Suppose 20 = 21*d - 16*d. Suppose d*u = 4*o - 32, -u + 2*u + 4 = 0. Suppose -t - o*t + 635 = 0. Is t composite?
False
Suppose 5*h - 3 = 3*u, h = -3*u + 2*u + 7. Suppose -3*j + 1313 = u*f, 10*f + 5*j = 5*f + 1640. Is f prime?
False
Suppose 4171 = 2*x + 3*t, 10421 = 5*x + 3*t + 7. Is x composite?
False
Suppose -4*u = -u - 6. Suppose -3*g + 5*x = 16 - u, -5*g + 5*x = 10. Suppose g*t - 401 = 5. Is t a prime number?
False
Let o = 16365 - 10804. Is o a prime number?
False
Let y(r) = r**2 + 6*r + 10. Let a be y(-4). Suppose -a*x - 55 = -3*x - 3*v, 0 = -2*v + 4. Suppose 4*i - 693 = -x. Is i a composite number?
True
Let w(d) = 16*d**2 + 45*d + 7. Is w(-24) prime?
False
Let b = -23 - -38. Let p = 21 - b. Suppose -p*x + 0*x + 1644 = 0. Is x a prime number?
False
Suppose -87*p = -83*p - 8412. Is p prime?
False
Suppose -10756 = y + 4*z - 37761, -3*y - 3*z = -80997. Is y a composite number?
True
Suppose 0 = r - 5, -5*r = 5*s - 2235 - 1385. Is s prime?
True
Let j = 48018 + -32015. Is j a composite number?
True
Suppose -20 = 4*k - 9*k. Suppose 5*g - 4*n - 317 = k*g, -5*g - 2*n = -1585. Is g composite?
False
Suppose -5*n - 2*f + 4*f = 1685, 4*f = 5*n + 1675. Let r = 786 + n. Is r a composite number?
True
Let v be 0/(-5) - 2/((-10)/15). Let k be ((-27)/(-6))/(1/14). Suppose -k = -v*o + 36. Is o a composite number?
True
Let c(t) = 23*t**3 + 12*t**2 - 14*t + 22. Let z be c(-10). Let o = -13849 - z. Is o a prime number?
True
Let y(t) be the second derivative of -t**5/20 - 11*t**4/12 - 2*t**3/3 + t**2 + 8*t. Is y(-11) a prime number?
False
Suppose b - 4*b - 954 = 0. Let y(s) = -72*s + 7. Let g be y(7). Let x = b - g. Is x composite?
False
Let r(j) = 9*j**2 + 5*j + 7. Let b be -2 - -2 - (3 - -4). Is r(b) a composite number?
True
Suppose -18*i + 13*i + 10 = 0. Suppose i - 10 = -2*g. Suppose -6*w - x + 1467 = -w, -g*x + 1180 = 4*w. Is w prime?
True
Let g = 2572 + -576. Suppose 5*a - 9*a = -g. Is a prime?
True
Suppose -5*g - 4 + 9 = 0. Let m be (-2)/7 - (-158)/14. Is 141*g + (m - 11) composite?
True
Let z(x) = x**3 + 3*x**2 - 2*x - 1. Let c be z(-3). Suppose -3*r + 0*h - c*h = -15, 0 = 3*r + h - 3. Suppose 6*p - 8*p + 22 = r. Is p a prime number?
True
Let z be (-2048)/(-4) + 3/3. Suppose -2*b = -b + 3*r - 175, 0 = 3*b + 3*r - z. Suppose -b = -5*g + 386. Is g prime?
False
Let a(u) = -u + 22. Let k be a(17). Suppose 5*z = -k*v + 5835, 2*z + 2363 + 1148 = 3*v. Is v composite?
True
Let q = 30 + -18. Suppose q = -2*o + 4. Let r(m) = m**3 + 6*m**2 - 6*m - 3. Is r(o) prime?
True
Suppose -2*c = 3*p + 1547, -3*c = 1 - 16. Let a = p - -766. Suppose 70 = -h + a. Is h prime?
False
Suppose -2*h + 24 = -3*g, -2*g - 39 = 2*g - 5*h. Let f = g + 9. Suppose -3*q + 4 + 5 = 0, f*v - 78 = 5*q. Is v prime?
True
Suppose -4*x + q + 15 = 3, -3*x + 32 = 5*q. Let r be (-21)/(-14)*x/3. Suppose o - 2505 = -r*o. Is o prime?
False
Let h be (-5)/(-3) + (-19)/(-57). Suppose -6*o + 2*o - 5*j = 18, -3*j - 2 = -2*o. Is (-4 - o)/h + 52 composite?
True
Suppose -5*y - 9*p = -6*p - 274285, y - 54857 = 2*p. Is y a prime number?
False
Let v(q) = 2*q + 145. Let c(w) = -2*w - 1. Let t be c(0). Let p be ((2 - 1) + -1)/t. Is v(p) prime?
False
Let r = 278 - -80. Is r a composite number?
True
Let t be (-3)/6*(-13)/(52/40). Suppose -t*g = -4*x + 516, 4*g = x + 5*g - 129. Is x composite?
True
Let w be ((-24)/30*(-30)/4)/2. Let k(m) = m**2 + 2*m. Let s(j) = 2*j**2 + 3*j - 1. Let u(i) = -3*k(i) + 2*s(i). Is u(w) prime?
True
Suppose 0 = -39*h + 35*h + 20. Suppose -2*w - 4*t + h*t + 955 = 0, 952 = 2*w - 2*t. Is w prime?
True
Let m(i) = i**2 + 9*i + 8. Let h be m(-8). Suppose h = 5*r - 2*c - 28, -4*c + 0 = -3*r + 28. Suppose -101 = -v - r*l - 0*l, -l + 359 = 4*v. Is v composite?
False
Suppose 4*q = 2*d - 1216, -6*d + 4*q = -2*d - 2452. Suppose -4*t - 2*o + 618 = -216, -3*t - 3*o = -d. Is t composite?
False
Suppose 36 = w - 37. Suppose 3*x + w = -38. Let a = -16 - x. Is a a composite number?
True
Let q be (28 - 8)/(4/(-142)). Let c = 1231 + q. Is c prime?
True
Suppose -3*r = -9 - 63. Let b = 13 - r. Let o(c) = -15*c - 16. Is o(b) composite?
False
Let g be (-33)/(-4)*20*10/75. Is 4/g - ((-217170)/(-33))/(-6) a prime number?
True
Suppose 5*x + 1 = 11. Suppose x + 3 = -i, 0 = -n - 2*i + 135. Is n a prime number?
False
Let w(j) = 10007*j**2. Is w(-1) a composite number?
False
Let f be (-6)/9 + (-7066)/(-6). Suppose v - 2*v - 3*g = -f, 3487 = 3*v - 2*g. Suppose -90 - v = -5*w. Is w a composite number?
False
Let g(h) = -172*h. Let m be g(2). Let z = 489 + m. Is z prime?
False
Let o = -34360 + 99561.